{"id":156,"date":"2016-08-11T18:51:41","date_gmt":"2016-08-11T16:51:41","guid":{"rendered":"http:\/\/westend.es\/new\/?page_id=156"},"modified":"2025-08-22T11:21:08","modified_gmt":"2025-08-22T09:21:08","slug":"primaria","status":"publish","type":"page","link":"https:\/\/westend.es\/index.php\/ninos\/primaria\/","title":{"rendered":"Primaria"},"content":{"rendered":"<p>[et_pb_section fb_built=&#8221;1&#8243; fullwidth=&#8221;on&#8221; custom_padding_last_edited=&#8221;on|desktop&#8221; admin_label=&#8221;Secci\u00f3n&#8221; _builder_version=&#8221;4.16&#8243; custom_padding_tablet=&#8221;50px|0|50px|0&#8243; custom_padding_phone=&#8221;&#8221; transparent_background=&#8221;off&#8221; padding_mobile=&#8221;off&#8221; global_colors_info=&#8221;{}&#8221;][et_pb_fullwidth_slider _builder_version=&#8221;4.16&#8243; _module_preset=&#8221;default&#8221; background_color=&#8221;RGBA(0,0,0,0)&#8221; background_image=&#8221;https:\/\/westend.es\/wp-content\/uploads\/2023\/10\/2023-09-28-at-18-15-09-scaled.jpg&#8221; global_colors_info=&#8221;{}&#8221;][et_pb_slide _builder_version=&#8221;4.16&#8243; _module_preset=&#8221;default&#8221; background_color=&#8221;rgba(224,224,224,0)&#8221; background_enable_color=&#8221;on&#8221; background_image=&#8221;https:\/\/westend.es\/wp-content\/uploads\/2024\/01\/2024-01-11-at-18-13-57-1-scaled.jpg&#8221; background_enable_image=&#8221;on&#8221; background_position=&#8221;top_center&#8221; global_colors_info=&#8221;{}&#8221; sticky_transition=&#8221;on&#8221;][\/et_pb_slide][et_pb_slide _builder_version=&#8221;4.16&#8243; _module_preset=&#8221;default&#8221; background_color=&#8221;RGBA(0,0,0,0)&#8221; background_enable_color=&#8221;on&#8221; background_image=&#8221;https:\/\/westend.es\/wp-content\/uploads\/2024\/01\/2024-01-11-at-18-14-07-scaled.jpg&#8221; background_enable_image=&#8221;on&#8221; background_position=&#8221;center_left&#8221; global_colors_info=&#8221;{}&#8221; sticky_transition=&#8221;on&#8221;][\/et_pb_slide][et_pb_slide _builder_version=&#8221;4.16&#8243; _module_preset=&#8221;default&#8221; background_enable_color=&#8221;off&#8221; background_image=&#8221;https:\/\/westend.es\/wp-content\/uploads\/2024\/01\/2024-01-11-at-18-34-30-scaled.jpg&#8221; background_enable_image=&#8221;on&#8221; global_colors_info=&#8221;{}&#8221; sticky_transition=&#8221;on&#8221;][\/et_pb_slide][et_pb_slide _builder_version=&#8221;4.16&#8243; _module_preset=&#8221;default&#8221; background_enable_color=&#8221;off&#8221; background_image=&#8221;https:\/\/westend.es\/wp-content\/uploads\/2024\/01\/2024-01-11-at-18-37-18-scaled.jpg&#8221; background_enable_image=&#8221;on&#8221; global_colors_info=&#8221;{}&#8221; sticky_transition=&#8221;on&#8221;][\/et_pb_slide][\/et_pb_fullwidth_slider][\/et_pb_section][et_pb_section fb_built=&#8221;1&#8243; custom_padding_last_edited=&#8221;on|desktop&#8221; admin_label=&#8221;section&#8221; _builder_version=&#8221;4.16&#8243; custom_padding_tablet=&#8221;50px|0|50px|0&#8243; custom_padding_phone=&#8221;&#8221; transparent_background=&#8221;off&#8221; padding_mobile=&#8221;off&#8221; global_colors_info=&#8221;{}&#8221;][et_pb_row padding_mobile=&#8221;off&#8221; column_padding_mobile=&#8221;on&#8221; admin_label=&#8221;row&#8221; _builder_version=&#8221;4.16&#8243; background_size=&#8221;initial&#8221; background_position=&#8221;top_left&#8221; background_repeat=&#8221;repeat&#8221; width=&#8221;70%&#8221; max_width=&#8221;70%&#8221; use_custom_width=&#8221;on&#8221; width_unit=&#8221;off&#8221; custom_width_percent=&#8221;70%&#8221; global_colors_info=&#8221;{}&#8221;][et_pb_column type=&#8221;4_4&#8243; _builder_version=&#8221;4.16&#8243; custom_padding=&#8221;|||&#8221; global_colors_info=&#8221;{}&#8221; custom_padding__hover=&#8221;|||&#8221;][et_pb_text admin_label=&#8221;Texto&#8221; _builder_version=&#8221;4.16&#8243; background_size=&#8221;initial&#8221; background_position=&#8221;top_left&#8221; background_repeat=&#8221;repeat&#8221; use_border_color=&#8221;off&#8221; global_colors_info=&#8221;{}&#8221;]<\/p>\n<h1><strong><span style=\"color: #041791;\">Primaria 6-12 a\u00f1os<\/span><\/strong><\/h1>\n<h2>Seguimos disfrutando, seguimos aprendiendo<\/h2>\n<p>[\/et_pb_text][et_pb_text admin_label=&#8221;Texto&#8221; _builder_version=&#8221;4.16&#8243; background_size=&#8221;initial&#8221; background_position=&#8221;top_left&#8221; background_repeat=&#8221;repeat&#8221; use_border_color=&#8221;off&#8221; global_colors_info=&#8221;{}&#8221;]<\/p>\n<p class=\"MsoNormal\"><span lang=\"ES-TRAD\">A partir de los 6\/7 a\u00f1os nuestros cursos tienen como <strong>gu\u00eda los niveles establecidos por los YLE (Young Learners of English) de la Universidad de Cambridge; Starters, Movers (A1) y Flyers (A2).<\/strong> Son niveles muy bien definidos por esta instituci\u00f3n, l\u00edder del sector en la ense\u00f1anza de ingl\u00e9s. <\/span><\/p>\n<p class=\"MsoNormal\"><span lang=\"ES-TRAD\">Utilizamos material que cubre el contenido de estos niveles para las <strong>destrezas de lecto-escritura y de gram\u00e1tica.<\/strong> Adem\u00e1s, en West End Idiomas consideramos muy importante<strong> aprovechar el entusiasmo que tienen los ni\u00f1os de estas edades<\/strong>, por eso utilizamos un sinf\u00edn de juegos y otras actividades de expresi\u00f3n y comprensi\u00f3n oral que hemos desarrollado desde nuestra apertura en 2002, para conseguir nuestros dos objetivos principales: \u00a1que aprendan mucho ingl\u00e9s y que se lo pasen muy bien haci\u00e9ndolo!<\/span><\/p>\n<p><strong><span lang=\"ES-TRAD\">Una vez alcanzado el \u00faltimo nivel de YLE, nuestros alumnos empiezan nuestro curso exclusivo llamado\u00a0 \u00a0&#8220;B1 Blast!&#8221;.<\/span><\/strong><\/p>\n<hr \/>\n<p>[\/et_pb_text][et_pb_text admin_label=&#8221;Texto&#8221; _builder_version=&#8221;4.16&#8243; background_size=&#8221;initial&#8221; background_position=&#8221;top_left&#8221; background_repeat=&#8221;repeat&#8221; use_border_color=&#8221;off&#8221; global_colors_info=&#8221;{}&#8221;]<\/p>\n<h3><strong><span style=\"color: #041791;\">Horarios<\/span><\/strong><\/h3>\n<p><strong>Ni\u00f1os nacidos de 2014 a 2018<\/strong><br \/>Mi\u00e9rcoles o viernes | 15:40-17:40 horas<br \/>Martes y jueves | 16:45-17:45 horas<br \/>Lunes y mi\u00e9rcoles o martes y jueves | 17:45-18:45 horas<br \/>Lunes y mi\u00e9rcoles o martes y jueves | 18:50-20:05 horas<br \/>Viernes | 17:45-19:45 horas<\/p>\n<p><strong>NOTA:<\/strong> Puede haber horarios no disponibles por contar con grupos ya completos de cursos anteriores. Se realizar\u00e1 una prueba de nivel si se considera necesario para la matriculaci\u00f3n en determinados grupos.<\/p>\n<h3><strong><span style=\"color: #041791;\">Cuotas y matr\u00edcula<\/span><\/strong><\/h3>\n<p><strong>Cuotas alumnos infantil y primaria:<\/strong><br \/>2 horas\/semana | 91,5\u20ac\/mes<br \/>2,5 horas\/semana | 106\u20ac\/mes<\/p>\n<ul>\n<li>Las mensualidades se calculan considerando las horas lectivas del curso, por lo que siempre ser\u00e1n del mismo importe independientemente del n\u00famero de clases que tenga un mes determinado, de octubre y a mayo. Septiembre y junio se cobrar\u00e1 la mitad de la cuota.<\/li>\n<li>10% de descuento para hermanos\/as en matr\u00edcula y cuotas.<\/li>\n<li>Cada nivel cuenta con un libro que se cobrar\u00e1 durante el primer trimestre del curso.<\/li>\n<\/ul>\n<p><strong>Matr\u00edcula: 75\u20ac<\/strong><br \/>La matr\u00edcula solo se cobra cuando el alumno se inscribe por primera vez y no los a\u00f1os posteriores, a menos que cause baja. La matr\u00edcula se abonar\u00e1 en efectivo o con tarjeta.<\/p>\n<h3><a href=\"https:\/\/westend.es\/wp-content\/uploads\/2023\/06\/CALENDARIO-23-24-scaled.jpg\"><span style=\"color: #041791;\"><strong>Calendario<\/strong><\/span><\/a><\/h3>\n<p>El curso 2025-2026 <strong>comenzar\u00e1 el 12 de septiembre y finalizar\u00e1 el 17 de junio.<\/strong><\/p>\n<p>Si deseas m\u00e1s informaci\u00f3n consulta en recepci\u00f3n o ll\u00e1manos.<\/p>\n<p>[\/et_pb_text][\/et_pb_column][\/et_pb_row][et_pb_row padding_mobile=&#8221;off&#8221; column_padding_mobile=&#8221;on&#8221; admin_label=&#8221;Fila&#8221; _builder_version=&#8221;4.16&#8243; background_size=&#8221;initial&#8221; background_position=&#8221;top_left&#8221; background_repeat=&#8221;repeat&#8221; global_colors_info=&#8221;{}&#8221;][et_pb_column type=&#8221;4_4&#8243; _builder_version=&#8221;4.16&#8243; custom_padding=&#8221;|||&#8221; global_colors_info=&#8221;{}&#8221; custom_padding__hover=&#8221;|||&#8221;][et_pb_button button_url=&#8221;https:\/\/westend.es\/wp-content\/uploads\/2025\/04\/triptico-24-25-web-email.jpg&#8221; url_new_window=&#8221;on&#8221; button_text=&#8221;VER TODOS LOS HORARIOS Y PRECIOS&#8221; button_alignment=&#8221;center&#8221; admin_label=&#8221;Bot\u00f3n&#8221; _builder_version=&#8221;4.27.0&#8243; background_layout=&#8221;dark&#8221; hover_enabled=&#8221;0&#8243; global_colors_info=&#8221;{}&#8221; button_text_size__hover_enabled=&#8221;off&#8221; button_one_text_size__hover_enabled=&#8221;off&#8221; button_two_text_size__hover_enabled=&#8221;off&#8221; button_text_color__hover_enabled=&#8221;off&#8221; button_one_text_color__hover_enabled=&#8221;off&#8221; button_two_text_color__hover_enabled=&#8221;off&#8221; button_border_width__hover_enabled=&#8221;off&#8221; button_one_border_width__hover_enabled=&#8221;off&#8221; button_two_border_width__hover_enabled=&#8221;off&#8221; button_border_color__hover_enabled=&#8221;off&#8221; button_one_border_color__hover_enabled=&#8221;off&#8221; button_two_border_color__hover_enabled=&#8221;off&#8221; button_border_radius__hover_enabled=&#8221;off&#8221; button_one_border_radius__hover_enabled=&#8221;off&#8221; button_two_border_radius__hover_enabled=&#8221;off&#8221; button_letter_spacing__hover_enabled=&#8221;off&#8221; button_one_letter_spacing__hover_enabled=&#8221;off&#8221; button_two_letter_spacing__hover_enabled=&#8221;off&#8221; button_bg_color__hover_enabled=&#8221;off&#8221; button_one_bg_color__hover_enabled=&#8221;off&#8221; button_two_bg_color__hover_enabled=&#8221;off&#8221; sticky_enabled=&#8221;0&#8243;][\/et_pb_button][\/et_pb_column][\/et_pb_row][\/et_pb_section]<\/p>\n","protected":false},"excerpt":{"rendered":"<p>Primaria 6-12 a\u00f1os Seguimos disfrutando, seguimos aprendiendo A partir de los 6\/7 a\u00f1os nuestros cursos tienen como gu\u00eda los niveles establecidos por los YLE (Young Learners of English) de la Universidad de Cambridge; Starters, Movers (A1) y Flyers (A2). Son niveles muy bien definidos por esta instituci\u00f3n, l\u00edder del sector en la ense\u00f1anza de ingl\u00e9s. [&hellip;]<\/p>\n","protected":false},"author":1,"featured_media":0,"parent":2577,"menu_order":46,"comment_status":"closed","ping_status":"closed","template":"","meta":{"_et_pb_use_builder":"on","_et_pb_old_content":"","_et_gb_content_width":"","footnotes":""},"class_list":["post-156","page","type-page","status-publish","hentry"],"_links":{"self":[{"href":"https:\/\/westend.es\/index.php\/wp-json\/wp\/v2\/pages\/156","targetHints":{"allow":["GET"]}}],"collection":[{"href":"https:\/\/westend.es\/index.php\/wp-json\/wp\/v2\/pages"}],"about":[{"href":"https:\/\/westend.es\/index.php\/wp-json\/wp\/v2\/types\/page"}],"author":[{"embeddable":true,"href":"https:\/\/westend.es\/index.php\/wp-json\/wp\/v2\/users\/1"}],"replies":[{"embeddable":true,"href":"https:\/\/westend.es\/index.php\/wp-json\/wp\/v2\/comments?post=156"}],"version-history":[{"count":52,"href":"https:\/\/westend.es\/index.php\/wp-json\/wp\/v2\/pages\/156\/revisions"}],"predecessor-version":[{"id":5308,"href":"https:\/\/westend.es\/index.php\/wp-json\/wp\/v2\/pages\/156\/revisions\/5308"}],"up":[{"embeddable":true,"href":"https:\/\/westend.es\/index.php\/wp-json\/wp\/v2\/pages\/2577"}],"wp:attachment":[{"href":"https:\/\/westend.es\/index.php\/wp-json\/wp\/v2\/media?parent=156"}],"curies":[{"name":"wp","href":"https:\/\/api.w.org\/{rel}","templated":true}]}}