{"id":593,"date":"2016-10-19T15:07:13","date_gmt":"2016-10-19T13:07:13","guid":{"rendered":"http:\/\/westend.es\/new\/?page_id=593"},"modified":"2026-02-12T19:24:03","modified_gmt":"2026-02-12T18:24:03","slug":"campamentos-urbanos","status":"publish","type":"page","link":"https:\/\/westend.es\/index.php\/vacaciones\/campamentos-urbanos\/","title":{"rendered":"Campamentos Urbanos"},"content":{"rendered":"<p>[et_pb_section fb_built=&#8221;1&#8243; fullwidth=&#8221;on&#8221; custom_padding_last_edited=&#8221;on|desktop&#8221; _builder_version=&#8221;4.16&#8243; custom_padding_tablet=&#8221;50px|0|50px|0&#8243; custom_padding_phone=&#8221;&#8221; transparent_background=&#8221;off&#8221; padding_mobile=&#8221;off&#8221; global_colors_info=&#8221;{}&#8221;][et_pb_fullwidth_slider _builder_version=&#8221;4.16&#8243; _module_preset=&#8221;default&#8221; custom_padding=&#8221;21%||21%||false|&#8221; global_colors_info=&#8221;{}&#8221;][et_pb_slide _builder_version=&#8221;4.16&#8243; _module_preset=&#8221;default&#8221; background_color=&#8221;RGBA(0,0,0,0)&#8221; background_enable_color=&#8221;on&#8221; background_image=&#8221;https:\/\/westend.es\/wp-content\/uploads\/2023\/10\/IMG_9287-scaled.jpg&#8221; background_enable_image=&#8221;on&#8221; global_colors_info=&#8221;{}&#8221; sticky_transition=&#8221;on&#8221;][\/et_pb_slide][et_pb_slide _builder_version=&#8221;4.16&#8243; _module_preset=&#8221;default&#8221; background_color=&#8221;RGBA(0,0,0,0)&#8221; background_enable_color=&#8221;on&#8221; background_image=&#8221;https:\/\/westend.es\/wp-content\/uploads\/2023\/10\/semanasanta_ninos.jpg&#8221; background_enable_image=&#8221;on&#8221; global_colors_info=&#8221;{}&#8221; sticky_transition=&#8221;on&#8221;][\/et_pb_slide][\/et_pb_fullwidth_slider][\/et_pb_section][et_pb_section fb_built=&#8221;1&#8243; custom_padding_last_edited=&#8221;on|desktop&#8221; admin_label=&#8221;section&#8221; _builder_version=&#8221;4.16&#8243; custom_padding_tablet=&#8221;50px|0|50px|0&#8243; custom_padding_phone=&#8221;&#8221; transparent_background=&#8221;off&#8221; padding_mobile=&#8221;off&#8221; global_colors_info=&#8221;{}&#8221;][et_pb_row use_custom_gutter=&#8221;on&#8221; padding_mobile=&#8221;off&#8221; column_padding_mobile=&#8221;on&#8221; admin_label=&#8221;row&#8221; _builder_version=&#8221;4.16&#8243; background_size=&#8221;initial&#8221; background_position=&#8221;top_left&#8221; background_repeat=&#8221;repeat&#8221; width=&#8221;70%&#8221; max_width=&#8221;70%&#8221; use_custom_width=&#8221;on&#8221; width_unit=&#8221;off&#8221; custom_width_percent=&#8221;70%&#8221; global_colors_info=&#8221;{}&#8221;][et_pb_column type=&#8221;4_4&#8243; _builder_version=&#8221;4.16&#8243; custom_padding=&#8221;|||&#8221; global_colors_info=&#8221;{}&#8221; custom_padding__hover=&#8221;|||&#8221;][et_pb_text _builder_version=&#8221;4.16&#8243; background_size=&#8221;initial&#8221; background_position=&#8221;top_left&#8221; background_repeat=&#8221;repeat&#8221; use_border_color=&#8221;off&#8221; global_colors_info=&#8221;{}&#8221;]<\/p>\n<h1><strong><span style=\"color: #041791;\">Campamentos urbanos<\/span><\/strong><\/h1>\n<h2>Disfrutar, jugar, aprender&#8230;tambi\u00e9n en vacaciones<\/h2>\n<p>[\/et_pb_text][et_pb_text _builder_version=&#8221;4.16&#8243; background_size=&#8221;initial&#8221; background_position=&#8221;top_left&#8221; background_repeat=&#8221;repeat&#8221; use_border_color=&#8221;off&#8221; global_colors_info=&#8221;{}&#8221;]<\/p>\n<p>Desde 2002 ofrecemos <strong>fant\u00e1sticos campamentos urbanos de ingl\u00e9s<\/strong>\u00a0durante las vacaciones de<strong> Semana Blanca, Semana Santa<\/strong> y <strong>verano<\/strong>. Los alumnos experimentan una <strong>inmersi\u00f3n completa en el idioma con profesores nativos, titulados y experimentados.<\/strong><\/p>\n<p>Las actividades est\u00e1n<strong> cuidadosamente dise\u00f1adas para que aprendan y disfruten al m\u00e1ximo.<\/strong>\u00a0\u00a0Para <strong>asegurar la calidad y resultado<\/strong>, <strong>los grupos se forman por edad y por nivel, y est\u00e1n limitados a un m\u00e1ximo de 10 alumnos.<\/strong><\/p>\n<h2><span style=\"color: #041791;\"><\/span><\/h2>\n<h2><span style=\"color: #041791;\"><\/span><\/h2>\n<h2><span style=\"color: #041791;\"><\/span><\/h2>\n<h2><span style=\"color: #041791;\"><\/span><\/h2>\n<h2><span style=\"color: #041791;\"><\/span><\/h2>\n<h2><span style=\"color: #041791;\">Semana Blanca<strong>,<\/strong> Semana Santa y Verano<\/span><\/h2>\n<h3><strong>Kids camps (para ni\u00f1os de entre 3 y 12 a\u00f1os)<\/strong><\/h3>\n<p>Nuestro<strong> objetivo<\/strong> es <strong>que los ni\u00f1os disfruten hablando en ingl\u00e9s<\/strong>, <strong>que lo asocien a experiencias divertidas, fuera de un contexto escolar.<\/strong> La compresi\u00f3n y expresi\u00f3n oral, adem\u00e1s de la base de vocabulario, se enriquece con nuestra gran selecci\u00f3n de juegos, manualidades y obras de teatro. Incluimos temas\u00a0que quiz\u00e1s no han visto en el colegio, tales como magia, cocina, fantas\u00eda, moda, ecolog\u00eda, espacio, etc.<\/p>\n<h3><strong>Teens camps (para ni\u00f1os a\u00a0partir de 12 a\u00f1os)<\/strong><\/h3>\n<p>Campamentos para <strong>conversar en ingl\u00e9s, aprender y disfrutar haci\u00e9ndolo<\/strong>. Con el \u00e1nimo de <strong>fomentar la confianza y fluidez conversacional<\/strong> en alumnos adolescentes\u00a0y para que\u00a0<strong>desarrollen sus habilidades ling\u00fc\u00edsticas del idioma en un entorno nativo y distendido.<\/strong><\/p>\n<h2><\/h2>\n<h2><span style=\"color: #041791;\">Solo en Verano<\/span><\/h2>\n<h3><strong>Revision Weeks (para niveles A1, A2, B1 y B2)<\/strong><\/h3>\n<p>Las &#8220;Semanas de revisi\u00f3n&#8221; est\u00e1 creadas <strong>para aquellos alumnos que quieran repasar y afianzar contenidos y de esta forma poder empezar el nuevo curso escolar con una base m\u00e1s consolidada.<\/strong><\/p>\n<p>Trabajamos constantemente para asegurarnos de que nuestros cursos motivan a los alumnos y para que descubran que: \u00a1aprender ingl\u00e9s es divertido!<\/p>\n<p>[\/et_pb_text][\/et_pb_column][\/et_pb_row][et_pb_row padding_mobile=&#8221;off&#8221; column_padding_mobile=&#8221;on&#8221; _builder_version=&#8221;4.16&#8243; background_size=&#8221;initial&#8221; background_position=&#8221;top_left&#8221; background_repeat=&#8221;repeat&#8221; global_colors_info=&#8221;{}&#8221;][et_pb_column type=&#8221;4_4&#8243; _builder_version=&#8221;4.16&#8243; custom_padding=&#8221;|||&#8221; global_colors_info=&#8221;{}&#8221; custom_padding__hover=&#8221;|||&#8221;][et_pb_button button_url=&#8221;https:\/\/westend.es\/wp-content\/uploads\/2026\/02\/interior-campamentos-25-26-actualizado.jpg&#8221; url_new_window=&#8221;on&#8221; button_text=&#8221;VER TODOS LOS HORARIOS Y PRECIOS DE CAMPAMENTOS URBANOS&#8221; button_alignment=&#8221;center&#8221; admin_label=&#8221;Bot\u00f3n&#8221; _builder_version=&#8221;4.27.0&#8243; background_layout=&#8221;dark&#8221; hover_enabled=&#8221;0&#8243; global_colors_info=&#8221;{}&#8221; button_text_size__hover_enabled=&#8221;off&#8221; button_one_text_size__hover_enabled=&#8221;off&#8221; button_two_text_size__hover_enabled=&#8221;off&#8221; button_text_color__hover_enabled=&#8221;off&#8221; button_one_text_color__hover_enabled=&#8221;off&#8221; button_two_text_color__hover_enabled=&#8221;off&#8221; button_border_width__hover_enabled=&#8221;off&#8221; button_one_border_width__hover_enabled=&#8221;off&#8221; button_two_border_width__hover_enabled=&#8221;off&#8221; button_border_color__hover_enabled=&#8221;off&#8221; button_one_border_color__hover_enabled=&#8221;off&#8221; button_two_border_color__hover_enabled=&#8221;off&#8221; button_border_radius__hover_enabled=&#8221;off&#8221; button_one_border_radius__hover_enabled=&#8221;off&#8221; button_two_border_radius__hover_enabled=&#8221;off&#8221; button_letter_spacing__hover_enabled=&#8221;off&#8221; button_one_letter_spacing__hover_enabled=&#8221;off&#8221; button_two_letter_spacing__hover_enabled=&#8221;off&#8221; button_bg_color__hover_enabled=&#8221;off&#8221; button_one_bg_color__hover_enabled=&#8221;off&#8221; button_two_bg_color__hover_enabled=&#8221;off&#8221; sticky_enabled=&#8221;0&#8243;]&nbsp;<br \/>\n[\/et_pb_button][\/et_pb_column][\/et_pb_row][\/et_pb_section]<\/p>\n","protected":false},"excerpt":{"rendered":"<p>Campamentos urbanos Disfrutar, jugar, aprender&#8230;tambi\u00e9n en vacaciones Desde 2002 ofrecemos fant\u00e1sticos campamentos urbanos de ingl\u00e9s\u00a0durante las vacaciones de Semana Blanca, Semana Santa y verano. Los alumnos experimentan una inmersi\u00f3n completa en el idioma con profesores nativos, titulados y experimentados. Las actividades est\u00e1n cuidadosamente dise\u00f1adas para que aprendan y disfruten al m\u00e1ximo.\u00a0\u00a0Para asegurar la calidad y [&hellip;]<\/p>\n","protected":false},"author":2,"featured_media":681,"parent":2579,"menu_order":56,"comment_status":"closed","ping_status":"closed","template":"","meta":{"_et_pb_use_builder":"on","_et_pb_old_content":"<p>Desde 2002 ofrecemos fant\u00e1sticos campamentos urbanos de ingl\u00e9sdurante las vacaciones de Semana Santa y verano.<\/p><p>Los ni\u00f1os experimentan una inmersi\u00f3n completa en el idioma con profesores nativos, titulados y experimentados. Los cursos, dirigidos a ni\u00f1os de entre 3 y 14 a\u00f1os, est\u00e1n cuidadosamente dise\u00f1ados para que aprendan y disfruten al m\u00e1ximo.<\/p><p>Para asegurar la calidad y resultado de nuestros campamentos nunca mezclamos edades, salvo excepciones a causa del nivel del ni\u00f1o, y los grupos est\u00e1n limitados a un m\u00e1ximo de 10 alumnos.<\/p><p>Nuestro objetivo es que los ni\u00f1os disfruten hablando en ingl\u00e9s, que lo asocien a experiencias divertidas, fuera de un contexto escolar. La compresi\u00f3n y expresi\u00f3n oral adem\u00e1s de la base de vocabulario se enriquece con nuestra gran selecci\u00f3n de juegos, manualidades y obras de teatro. Incluimos t\u00f3picos que quiz\u00e1s no han visto en el colegio, tales como magia, cocina, fantas\u00eda, moda, naturaleza\u2026<\/p><p>Trabajamos constantemente para asegurarnos que nuestros cursos motivan a los ni\u00f1os, y para que descubran que \u00a1aprender ingl\u00e9s es divertido!<\/p>","_et_gb_content_width":"","footnotes":""},"class_list":["post-593","page","type-page","status-publish","has-post-thumbnail","hentry"],"_links":{"self":[{"href":"https:\/\/westend.es\/index.php\/wp-json\/wp\/v2\/pages\/593","targetHints":{"allow":["GET"]}}],"collection":[{"href":"https:\/\/westend.es\/index.php\/wp-json\/wp\/v2\/pages"}],"about":[{"href":"https:\/\/westend.es\/index.php\/wp-json\/wp\/v2\/types\/page"}],"author":[{"embeddable":true,"href":"https:\/\/westend.es\/index.php\/wp-json\/wp\/v2\/users\/2"}],"replies":[{"embeddable":true,"href":"https:\/\/westend.es\/index.php\/wp-json\/wp\/v2\/comments?post=593"}],"version-history":[{"count":62,"href":"https:\/\/westend.es\/index.php\/wp-json\/wp\/v2\/pages\/593\/revisions"}],"predecessor-version":[{"id":5585,"href":"https:\/\/westend.es\/index.php\/wp-json\/wp\/v2\/pages\/593\/revisions\/5585"}],"up":[{"embeddable":true,"href":"https:\/\/westend.es\/index.php\/wp-json\/wp\/v2\/pages\/2579"}],"wp:featuredmedia":[{"embeddable":true,"href":"https:\/\/westend.es\/index.php\/wp-json\/wp\/v2\/media\/681"}],"wp:attachment":[{"href":"https:\/\/westend.es\/index.php\/wp-json\/wp\/v2\/media?parent=593"}],"curies":[{"name":"wp","href":"https:\/\/api.w.org\/{rel}","templated":true}]}}