{"id":595,"date":"2016-10-19T15:13:17","date_gmt":"2016-10-19T13:13:17","guid":{"rendered":"http:\/\/westend.es\/new\/?page_id=595"},"modified":"2026-04-23T18:02:37","modified_gmt":"2026-04-23T16:02:37","slug":"intensivos","status":"publish","type":"page","link":"https:\/\/westend.es\/index.php\/vacaciones\/intensivos\/","title":{"rendered":"Intensivos"},"content":{"rendered":"<p>[et_pb_section fb_built=&#8221;1&#8243; fullwidth=&#8221;on&#8221; _builder_version=&#8221;4.16&#8243; global_colors_info=&#8221;{}&#8221;][et_pb_fullwidth_slider _builder_version=&#8221;4.16&#8243; _module_preset=&#8221;default&#8221; global_colors_info=&#8221;{}&#8221;][et_pb_slide _builder_version=&#8221;4.16&#8243; _module_preset=&#8221;default&#8221; background_enable_color=&#8221;off&#8221; background_image=&#8221;https:\/\/westend.es\/wp-content\/uploads\/2024\/01\/2024-01-11-at-18-58-43-1-scaled.jpg&#8221; background_enable_image=&#8221;on&#8221; global_colors_info=&#8221;{}&#8221; sticky_transition=&#8221;on&#8221;][\/et_pb_slide][et_pb_slide _builder_version=&#8221;4.16&#8243; _module_preset=&#8221;default&#8221; background_enable_color=&#8221;off&#8221; background_image=&#8221;https:\/\/westend.es\/wp-content\/uploads\/2024\/01\/2024-01-11-at-17-27-09-scaled.jpg&#8221; background_enable_image=&#8221;on&#8221; global_colors_info=&#8221;{}&#8221; sticky_transition=&#8221;on&#8221;][\/et_pb_slide][\/et_pb_fullwidth_slider][\/et_pb_section][et_pb_section fb_built=&#8221;1&#8243; custom_padding_last_edited=&#8221;on|desktop&#8221; admin_label=&#8221;section&#8221; _builder_version=&#8221;4.16&#8243; custom_padding_tablet=&#8221;50px|0|50px|0&#8243; custom_padding_phone=&#8221;&#8221; transparent_background=&#8221;off&#8221; padding_mobile=&#8221;off&#8221; global_colors_info=&#8221;{}&#8221;][et_pb_row padding_mobile=&#8221;off&#8221; column_padding_mobile=&#8221;on&#8221; admin_label=&#8221;row&#8221; _builder_version=&#8221;4.16&#8243; background_size=&#8221;initial&#8221; background_position=&#8221;top_left&#8221; background_repeat=&#8221;repeat&#8221; width=&#8221;67.5%&#8221; max_width=&#8221;70%&#8221; custom_margin=&#8221;|auto|1px|auto||&#8221; use_custom_width=&#8221;on&#8221; width_unit=&#8221;off&#8221; custom_width_percent=&#8221;70%&#8221; global_colors_info=&#8221;{}&#8221;][et_pb_column type=&#8221;4_4&#8243; _builder_version=&#8221;4.16&#8243; custom_padding=&#8221;|||&#8221; global_colors_info=&#8221;{}&#8221; custom_padding__hover=&#8221;|||&#8221;][et_pb_text _builder_version=&#8221;4.16&#8243; background_size=&#8221;initial&#8221; background_position=&#8221;top_left&#8221; background_repeat=&#8221;repeat&#8221; use_border_color=&#8221;off&#8221; global_colors_info=&#8221;{}&#8221;]<\/p>\n<h1><strong><span style=\"color: #041791;\">Cursos intensivos<\/span><\/strong><\/h1>\n<h2>Ex\u00e1menes oficiales de Cambridge de PET, FCE o CAE. \u00a1A por ellos!<\/h2>\n<p>[\/et_pb_text][et_pb_text _builder_version=&#8221;4.16&#8243; background_size=&#8221;initial&#8221; background_position=&#8221;top_left&#8221; background_repeat=&#8221;repeat&#8221; custom_padding=&#8221;||0px|||&#8221; use_border_color=&#8221;off&#8221; global_colors_info=&#8221;{}&#8221;]<\/p>\n<p>&nbsp;<\/p>\n<p>Cursos intensivos dise\u00f1ados para dar un \u00faltimo empuj\u00f3n a aquellos alumnos que hayan decidido presentarse este a\u00f1o al examen oficial de Cambridge de PET, FCE o CAE.<\/p>\n<ul>\n<li><strong>Intensivos de 16 a 20hs. dedicados exclusivamente al formato del examen.<\/strong>\u00a0\u00a0Se trabajar\u00e1n las cinco partes: <strong>expresi\u00f3n oral, comprensi\u00f3n oral, <em>use of English<\/em>, expresi\u00f3n escrita y comprensi\u00f3n escrita.<\/strong><\/li>\n<\/ul>\n<div id=\"left-area\">\n<article id=\"post-3983\" class=\"et_pb_post post-3983 post type-post status-publish format-standard has-post-thumbnail hentry category-uncategorised\">\n<div class=\"entry-content\">\n<p><span style=\"color: #000000;\">Los cursos podr\u00e1n ser en nuestros centros de Mendebaldea, Mutilva y\/o Soto de Lezkairu seg\u00fan la demanda.<\/span><\/p>\n<p><span style=\"color: #000000;\"><strong>Cursos Intensivos para las convocatorias del curso 2025\/2026:<\/strong><\/span><\/p>\n<p><strong style=\"color: #000000; font-size: 17px;\">S\u00e1bados Curso 25\/26<\/strong><\/p>\n<p><span style=\"text-decoration: underline;\"><span style=\"color: #000000; text-decoration: underline;\">Fecha de inicio pr\u00f3ximo intensivo:<\/span><\/span><\/p>\n<p><span style=\"color: #000000;\"><strong>-Del 27 de septiembre al 8 de noviembre:<\/strong> Para las convocatorias de FCE for schools\/B2 del 15 de noviembre (18 hs).<\/span><\/p>\n<p><span style=\"color: #000000;\">Horario: de 10 a 13hs<\/span><\/p>\n<p><span style=\"color: #000000;\">&#8211;<strong>Del 27 de septiembre al 29 de noviembre: <\/strong>P<\/span><span style=\"color: #000000; font-size: 17px;\">ara las convocatoria de CAE\/C1 del 13 de diciembre (18hs).<\/span><\/p>\n<p><span style=\"color: #000000;\">Horario:\u00a0de 10 a 12hs<\/span><\/p>\n<p><span style=\"color: #000000;\">Precios: 216\u20ac (18 horas).<\/span><\/p>\n<p><span style=\"color: #000000;\">&#8211;<strong>Del 17 de enero al 14 de marzo: <\/strong>P<\/span><span style=\"color: #000000; font-size: 17px;\">ara las convocatoria de B2\/FCE del 21 de marzo (18hs).<\/span><\/p>\n<p><span style=\"color: #000000;\">Horario:\u00a0de 10 a 12hs<\/span><\/p>\n<p><span style=\"color: #000000;\">&#8211;<strong>Del 10 de enero al 7 de marzo: <\/strong>P<\/span><span style=\"color: #000000; font-size: 17px;\">ara las convocatoria de C1\/CAE del 14 de marzo (18hs).<\/span><\/p>\n<p><span style=\"color: #000000;\">Horario:\u00a0de 10 a 12hs<\/span><\/p>\n<p><span style=\"color: #000000;\"><\/span><\/p>\n<p><span style=\"color: #000000;\">Precios: 216\u20ac (18 horas).<\/span><\/p>\n<p><span style=\"color: #000000;\"><\/span><\/p>\n<p><strong style=\"color: #000000; font-size: 17px;\">Semana Santa 2025<\/strong><\/p>\n<p><span style=\"color: #000000;\">Del 7 al 10 de abril. <strong>Niveles B1(PET for schools), B2(FCE for schools), C1 (CAE)<\/strong><\/span><\/p>\n<p><span style=\"color: #000000;\">Horario: de 9:30 a 13:30hs<\/span><\/p>\n<p><span style=\"color: #000000;\">Precio Semana Santa: 192\u20ac (16 horas)<\/span><\/p>\n<p><span style=\"color: #000000;\"><strong>Junio 2025:<\/strong><\/span><\/p>\n<p><strong style=\"color: #000000; font-size: 17px;\">Niveles B1(PET)<\/strong><\/p>\n<p><span style=\"color: #000000;\">S\u00e1bados a definir.<\/span><\/p>\n<p><span style=\"color: #000000;\">Horario: de 10 a 12hs<\/span><\/p>\n<p><strong style=\"color: #000000; font-size: 17px;\"><\/strong><\/p>\n<p><span style=\"color: #000000;\"><strong>Niveles B2(FCE for schools), C1 (CAE)<\/strong><\/span><\/p>\n<p><span style=\"color: #000000;\">Del 16 al 19\u00a0 de junio: Para la convocatoria del 20 de junio.<\/span><\/p>\n<p><span style=\"color: #000000;\">Del 22 al 26 de junio: Para la convocatoria del 27 de junio.<\/span><\/p>\n<p><span style=\"color: #000000;\">Horario: de 9:30 a 13:30hs<\/span><\/p>\n<p><span style=\"color: #000000;\"><strong>Agosto 2026:<\/strong><\/span><\/p>\n<p><span style=\"color: #000000;\">Intensivos FCE Y CAE: fechas a definir<\/span><\/p>\n<p><span style=\"color: #000000;\">Horario: de 9:30 a 13:30hs<\/span><\/p>\n<p><span style=\"color: #000000;\"><strong>10% de descuento para alumn@s del centro.<\/strong><\/span><\/p>\n<p><span style=\"color: #000000;\"><strong>Las fechas de los ex\u00e1menes oficiales de junio 2026 son:<\/strong><\/span><\/p>\n<p><span style=\"color: #000000;\"><strong>CAE\u00a0 \u00a0 \u00a0 \u00a0 \u00a0 \u00a0 \u00a0 \u00a0 \u00a0 \u00a0 \u00a0 \u00a0 \u00a0 \u00a0 \u00a0 \u00a0 \u00a010, 20 y 27 de junio<\/strong><\/span><br \/><span style=\"color: #000000;\"><strong>FCE\u00a0 \u00a0 \u00a0 \u00a0 \u00a0 \u00a0 \u00a0 \u00a0 \u00a0 \u00a0 \u00a0 \u00a0 \u00a0 \u00a0 \u00a0 \u00a0 \u00a0 9 de junio\u00a0<\/strong><\/span><br \/><span style=\"color: #000000;\"><strong>FCE FOR SCHOOLS\u00a0 \u00a0 \u00a0 20 y 27 de junio<br \/>PET FOR SCHOOLS\u00a0 \u00a0 \u00a0 13 de junio\u00a0<\/strong><\/span><\/p>\n<p><span style=\"color: #000000;\"><strong>Fechas de inscripci\u00f3n del 16 al 29 de marzo.<\/strong><\/span><\/p>\n<p><span style=\"color: #000000;\"><strong><\/strong><\/span><\/p>\n<p>M\u00e1s informaci\u00f3n:\u00a0<a href=\"https:\/\/westend.es\/wp-content\/uploads\/2025\/06\/Diptico-Cambridge-25-26.pdf\">https:\/\/www.unav.edu\/documents\/6152327\/0\/Triptico-Cambridge-24-25.pdf<\/a><\/p>\n<\/div>\n<\/article>\n<\/div>\n<p>[\/et_pb_text][\/et_pb_column][\/et_pb_row][et_pb_row padding_mobile=&#8221;off&#8221; column_padding_mobile=&#8221;on&#8221; _builder_version=&#8221;4.16&#8243; background_size=&#8221;initial&#8221; background_position=&#8221;top_left&#8221; background_repeat=&#8221;repeat&#8221; custom_margin=&#8221;-53px|auto||auto||&#8221; global_colors_info=&#8221;{}&#8221;][et_pb_column type=&#8221;4_4&#8243; _builder_version=&#8221;4.16&#8243; custom_padding=&#8221;|||&#8221; global_colors_info=&#8221;{}&#8221; custom_padding__hover=&#8221;|||&#8221;][et_pb_button button_url=&#8221;https:\/\/westend.es\/wp-content\/uploads\/2026\/04\/intensivos-25-26-actualizado.jpg&#8221; url_new_window=&#8221;on&#8221; button_text=&#8221;Horarios y Precios&#8221; button_alignment=&#8221;center&#8221; _builder_version=&#8221;4.27.0&#8243; background_layout=&#8221;dark&#8221; hover_enabled=&#8221;0&#8243; global_colors_info=&#8221;{}&#8221; button_text_size__hover_enabled=&#8221;off&#8221; button_one_text_size__hover_enabled=&#8221;off&#8221; button_two_text_size__hover_enabled=&#8221;off&#8221; button_text_color__hover_enabled=&#8221;off&#8221; button_one_text_color__hover_enabled=&#8221;off&#8221; button_two_text_color__hover_enabled=&#8221;off&#8221; button_border_width__hover_enabled=&#8221;off&#8221; button_one_border_width__hover_enabled=&#8221;off&#8221; button_two_border_width__hover_enabled=&#8221;off&#8221; button_border_color__hover_enabled=&#8221;off&#8221; button_one_border_color__hover_enabled=&#8221;off&#8221; button_two_border_color__hover_enabled=&#8221;off&#8221; button_border_radius__hover_enabled=&#8221;off&#8221; button_one_border_radius__hover_enabled=&#8221;off&#8221; button_two_border_radius__hover_enabled=&#8221;off&#8221; button_letter_spacing__hover_enabled=&#8221;off&#8221; button_one_letter_spacing__hover_enabled=&#8221;off&#8221; button_two_letter_spacing__hover_enabled=&#8221;off&#8221; button_bg_color__hover_enabled=&#8221;off&#8221; button_one_bg_color__hover_enabled=&#8221;off&#8221; button_two_bg_color__hover_enabled=&#8221;off&#8221; sticky_enabled=&#8221;0&#8243;]&nbsp;<br \/>\n[\/et_pb_button][\/et_pb_column][\/et_pb_row][\/et_pb_section]<\/p>\n","protected":false},"excerpt":{"rendered":"<p>Cursos intensivos Ex\u00e1menes oficiales de Cambridge de PET, FCE o CAE. \u00a1A por ellos! &nbsp; Cursos intensivos dise\u00f1ados para dar un \u00faltimo empuj\u00f3n a aquellos alumnos que hayan decidido presentarse este a\u00f1o al examen oficial de Cambridge de PET, FCE o CAE. Intensivos de 16 a 20hs. dedicados exclusivamente al formato del examen.\u00a0\u00a0Se trabajar\u00e1n las [&hellip;]<\/p>\n","protected":false},"author":2,"featured_media":0,"parent":2579,"menu_order":58,"comment_status":"closed","ping_status":"closed","template":"","meta":{"_et_pb_use_builder":"on","_et_pb_old_content":"<p>Para los que quieren dar sus posibilidades de aprobar el First Certificate un \u00faltimo empuj\u00f3n, ofrecemos cursos intensivos en las vacaciones de Semana Santa y en principios de septiembre.<\/p>","_et_gb_content_width":"","footnotes":""},"class_list":["post-595","page","type-page","status-publish","hentry"],"_links":{"self":[{"href":"https:\/\/westend.es\/index.php\/wp-json\/wp\/v2\/pages\/595","targetHints":{"allow":["GET"]}}],"collection":[{"href":"https:\/\/westend.es\/index.php\/wp-json\/wp\/v2\/pages"}],"about":[{"href":"https:\/\/westend.es\/index.php\/wp-json\/wp\/v2\/types\/page"}],"author":[{"embeddable":true,"href":"https:\/\/westend.es\/index.php\/wp-json\/wp\/v2\/users\/2"}],"replies":[{"embeddable":true,"href":"https:\/\/westend.es\/index.php\/wp-json\/wp\/v2\/comments?post=595"}],"version-history":[{"count":83,"href":"https:\/\/westend.es\/index.php\/wp-json\/wp\/v2\/pages\/595\/revisions"}],"predecessor-version":[{"id":5600,"href":"https:\/\/westend.es\/index.php\/wp-json\/wp\/v2\/pages\/595\/revisions\/5600"}],"up":[{"embeddable":true,"href":"https:\/\/westend.es\/index.php\/wp-json\/wp\/v2\/pages\/2579"}],"wp:attachment":[{"href":"https:\/\/westend.es\/index.php\/wp-json\/wp\/v2\/media?parent=595"}],"curies":[{"name":"wp","href":"https:\/\/api.w.org\/{rel}","templated":true}]}}

<p>[et_pb_section fb_built=&#8221;1&#8243; fullwidth=&#8221;on&#8221; _builder_version=&#8221;4.16&#8243; global_colors_info=&#8221;{}&#8221;][et_pb_fullwidth_slider _builder_version=&#8221;4.16&#8243; _module_preset=&#8221;default&#8221; global_colors_info=&#8221;{}&#8221;][et_pb_slide _builder_version=&#8221;4.16&#8243; _module_preset=&#8221;default&#8221; background_enable_color=&#8221;off&#8221; background_image=&#8221;https://westend.es/wp-content/uploads/2024/01/2024-01-11-at-18-58-43-1-scaled.jpg&#8221; background_enable_image=&#8221;on&#8221; global_colors_info=&#8221;{}&#8221; sticky_transition=&#8221;on&#8221;][/et_pb_slide][et_pb_slide _builder_version=&#8221;4.16&#8243; _module_preset=&#8221;default&#8221; background_enable_color=&#8221;off&#8221; background_image=&#8221;https://westend.es/wp-content/uploads/2024/01/2024-01-11-at-17-27-09-scaled.jpg&#8221; background_enable_image=&#8221;on&#8221; global_colors_info=&#8221;{}&#8221; sticky_transition=&#8221;on&#8221;][/et_pb_slide][/et_pb_fullwidth_slider][/et_pb_section][et_pb_section fb_built=&#8221;1&#8243; custom_padding_last_edited=&#8221;on|desktop&#8221; admin_label=&#8221;section&#8221; _builder_version=&#8221;4.16&#8243; custom_padding_tablet=&#8221;50px|0|50px|0&#8243; custom_padding_phone=&#8221;&#8221; transparent_background=&#8221;off&#8221; padding_mobile=&#8221;off&#8221; global_colors_info=&#8221;{}&#8221;][et_pb_row padding_mobile=&#8221;off&#8221; column_padding_mobile=&#8221;on&#8221; admin_label=&#8221;row&#8221; _builder_version=&#8221;4.16&#8243; background_size=&#8221;initial&#8221; background_position=&#8221;top_left&#8221; background_repeat=&#8221;repeat&#8221; width=&#8221;67.5%&#8221; max_width=&#8221;70%&#8221; custom_margin=&#8221;|auto|1px|auto||&#8221; use_custom_width=&#8221;on&#8221; width_unit=&#8221;off&#8221; custom_width_percent=&#8221;70%&#8221; global_colors_info=&#8221;{}&#8221;][et_pb_column type=&#8221;4_4&#8243; _builder_version=&#8221;4.16&#8243; custom_padding=&#8221;|||&#8221; global_colors_info=&#8221;{}&#8221; custom_padding__hover=&#8221;|||&#8221;][et_pb_text _builder_version=&#8221;4.16&#8243; background_size=&#8221;initial&#8221; background_position=&#8221;top_left&#8221; background_repeat=&#8221;repeat&#8221; use_border_color=&#8221;off&#8221; global_colors_info=&#8221;{}&#8221;]</p>
<h1><strong><span style="color: #041791;">Cursos intensivos</span></strong></h1>
<h2>Exámenes oficiales de Cambridge de PET, FCE o CAE. ¡A por ellos!</h2>
<p>[/et_pb_text][et_pb_text _builder_version=&#8221;4.16&#8243; background_size=&#8221;initial&#8221; background_position=&#8221;top_left&#8221; background_repeat=&#8221;repeat&#8221; custom_padding=&#8221;||0px|||&#8221; use_border_color=&#8221;off&#8221; global_colors_info=&#8221;{}&#8221;]</p>
<p>&nbsp;</p>
<p>Cursos intensivos diseñados para dar un último empujón a aquellos alumnos que hayan decidido presentarse este año al examen oficial de Cambridge de PET, FCE o CAE.</p>
<ul>
<li><strong>Intensivos de 16 a 20hs. dedicados exclusivamente al formato del examen.</strong>  Se trabajarán las cinco partes: <strong>expresión oral, comprensión oral, <em>use of English</em>, expresión escrita y comprensión escrita.</strong></li>
</ul>
<div id="left-area">
<article id="post-3983" class="et_pb_post post-3983 post type-post status-publish format-standard has-post-thumbnail hentry category-uncategorised">
<div class="entry-content">
<p><span style="color: #000000;">Los cursos podrán ser en nuestros centros de Mendebaldea, Mutilva y/o Soto de Lezkairu según la demanda.</span></p>
<p><span style="color: #000000;"><strong>Cursos Intensivos para las convocatorias del curso 2025/2026:</strong></span></p>
<p><strong style="color: #000000; font-size: 17px;">Sábados Curso 25/26</strong></p>
<p><span style="text-decoration: underline;"><span style="color: #000000; text-decoration: underline;">Fecha de inicio próximo intensivo:</span></span></p>
<p><span style="color: #000000;"><strong>-Del 27 de septiembre al 8 de noviembre:</strong> Para las convocatorias de FCE for schools/B2 del 15 de noviembre (18 hs).</span></p>
<p><span style="color: #000000;">Horario: de 10 a 13hs</span></p>
<p><span style="color: #000000;">&#8211;<strong>Del 27 de septiembre al 29 de noviembre: </strong>P</span><span style="color: #000000; font-size: 17px;">ara las convocatoria de CAE/C1 del 13 de diciembre (18hs).</span></p>
<p><span style="color: #000000;">Horario: de 10 a 12hs</span></p>
<p><span style="color: #000000;">Precios: 216€ (18 horas).</span></p>
<p><span style="color: #000000;">&#8211;<strong>Del 17 de enero al 14 de marzo: </strong>P</span><span style="color: #000000; font-size: 17px;">ara las convocatoria de B2/FCE del 21 de marzo (18hs).</span></p>
<p><span style="color: #000000;">Horario: de 10 a 12hs</span></p>
<p><span style="color: #000000;">&#8211;<strong>Del 10 de enero al 7 de marzo: </strong>P</span><span style="color: #000000; font-size: 17px;">ara las convocatoria de C1/CAE del 14 de marzo (18hs).</span></p>
<p><span style="color: #000000;">Horario: de 10 a 12hs</span></p>
<p><span style="color: #000000;"></span></p>
<p><span style="color: #000000;">Precios: 216€ (18 horas).</span></p>
<p><span style="color: #000000;"></span></p>
<p><strong style="color: #000000; font-size: 17px;">Semana Santa 2025</strong></p>
<p><span style="color: #000000;">Del 7 al 10 de abril. <strong>Niveles B1(PET for schools), B2(FCE for schools), C1 (CAE)</strong></span></p>
<p><span style="color: #000000;">Horario: de 9:30 a 13:30hs</span></p>
<p><span style="color: #000000;">Precio Semana Santa: 192€ (16 horas)</span></p>
<p><span style="color: #000000;"><strong>Junio 2025:</strong></span></p>
<p><strong style="color: #000000; font-size: 17px;">Niveles B1(PET)</strong></p>
<p><span style="color: #000000;">Sábados a definir.</span></p>
<p><span style="color: #000000;">Horario: de 10 a 12hs</span></p>
<p><strong style="color: #000000; font-size: 17px;"></strong></p>
<p><span style="color: #000000;"><strong>Niveles B2(FCE for schools), C1 (CAE)</strong></span></p>
<p><span style="color: #000000;">Del 16 al 19  de junio: Para la convocatoria del 20 de junio.</span></p>
<p><span style="color: #000000;">Del 22 al 26 de junio: Para la convocatoria del 27 de junio.</span></p>
<p><span style="color: #000000;">Horario: de 9:30 a 13:30hs</span></p>
<p><span style="color: #000000;"><strong>Agosto 2026:</strong></span></p>
<p><span style="color: #000000;">Intensivos FCE Y CAE: fechas a definir</span></p>
<p><span style="color: #000000;">Horario: de 9:30 a 13:30hs</span></p>
<p><span style="color: #000000;"><strong>10% de descuento para alumn@s del centro.</strong></span></p>
<p><span style="color: #000000;"><strong>Las fechas de los exámenes oficiales de junio 2026 son:</strong></span></p>
<p><span style="color: #000000;"><strong>CAE                                 10, 20 y 27 de junio</strong></span><br /><span style="color: #000000;"><strong>FCE                                  9 de junio </strong></span><br /><span style="color: #000000;"><strong>FCE FOR SCHOOLS      20 y 27 de junio<br />PET FOR SCHOOLS      13 de junio </strong></span></p>
<p><span style="color: #000000;"><strong>Fechas de inscripción del 16 al 29 de marzo.</strong></span></p>
<p><span style="color: #000000;"><strong></strong></span></p>
<p>Más información: <a href="https://westend.es/wp-content/uploads/2025/06/Diptico-Cambridge-25-26.pdf">https://www.unav.edu/documents/6152327/0/Triptico-Cambridge-24-25.pdf</a></p>
</div>
</article>
</div>
<p>[/et_pb_text][/et_pb_column][/et_pb_row][et_pb_row padding_mobile=&#8221;off&#8221; column_padding_mobile=&#8221;on&#8221; _builder_version=&#8221;4.16&#8243; background_size=&#8221;initial&#8221; background_position=&#8221;top_left&#8221; background_repeat=&#8221;repeat&#8221; custom_margin=&#8221;-53px|auto||auto||&#8221; global_colors_info=&#8221;{}&#8221;][et_pb_column type=&#8221;4_4&#8243; _builder_version=&#8221;4.16&#8243; custom_padding=&#8221;|||&#8221; global_colors_info=&#8221;{}&#8221; custom_padding__hover=&#8221;|||&#8221;][et_pb_button button_url=&#8221;https://westend.es/wp-content/uploads/2026/04/intensivos-25-26-actualizado.jpg&#8221; url_new_window=&#8221;on&#8221; button_text=&#8221;Horarios y Precios&#8221; button_alignment=&#8221;center&#8221; _builder_version=&#8221;4.27.0&#8243; background_layout=&#8221;dark&#8221; hover_enabled=&#8221;0&#8243; global_colors_info=&#8221;{}&#8221; button_text_size__hover_enabled=&#8221;off&#8221; button_one_text_size__hover_enabled=&#8221;off&#8221; button_two_text_size__hover_enabled=&#8221;off&#8221; button_text_color__hover_enabled=&#8221;off&#8221; button_one_text_color__hover_enabled=&#8221;off&#8221; button_two_text_color__hover_enabled=&#8221;off&#8221; button_border_width__hover_enabled=&#8221;off&#8221; button_one_border_width__hover_enabled=&#8221;off&#8221; button_two_border_width__hover_enabled=&#8221;off&#8221; button_border_color__hover_enabled=&#8221;off&#8221; button_one_border_color__hover_enabled=&#8221;off&#8221; button_two_border_color__hover_enabled=&#8221;off&#8221; button_border_radius__hover_enabled=&#8221;off&#8221; button_one_border_radius__hover_enabled=&#8221;off&#8221; button_two_border_radius__hover_enabled=&#8221;off&#8221; button_letter_spacing__hover_enabled=&#8221;off&#8221; button_one_letter_spacing__hover_enabled=&#8221;off&#8221; button_two_letter_spacing__hover_enabled=&#8221;off&#8221; button_bg_color__hover_enabled=&#8221;off&#8221; button_one_bg_color__hover_enabled=&#8221;off&#8221; button_two_bg_color__hover_enabled=&#8221;off&#8221; sticky_enabled=&#8221;0&#8243;]&nbsp;<br />
[/et_pb_button][/et_pb_column][/et_pb_row][/et_pb_section]</p>

<p>Cursos intensivos Exámenes oficiales de Cambridge de PET, FCE o CAE. ¡A por ellos! &nbsp; Cursos intensivos diseñados para dar un último empujón a aquellos alumnos que hayan decidido presentarse este año al examen oficial de Cambridge de PET, FCE o CAE. Intensivos de 16 a 20hs. dedicados exclusivamente al formato del examen.  Se trabajarán las [&hellip;]</p>

<p>Para los que quieren dar sus posibilidades de aprobar el First Certificate un último empujón, ofrecemos cursos intensivos en las vacaciones de Semana Santa y en principios de septiembre.</p>
