{"id":76,"date":"2016-06-21T18:15:16","date_gmt":"2016-06-21T16:15:16","guid":{"rendered":"http:\/\/westend.es\/new\/?page_id=76"},"modified":"2025-09-09T11:55:19","modified_gmt":"2025-09-09T09:55:19","slug":"nosotros","status":"publish","type":"page","link":"https:\/\/westend.es\/index.php\/nosotros-2\/nosotros\/","title":{"rendered":"Historia"},"content":{"rendered":"<p>[et_pb_section fb_built=&#8221;1&#8243; fullwidth=&#8221;on&#8221; custom_padding_last_edited=&#8221;on|desktop&#8221; admin_label=&#8221;Secci\u00f3n&#8221; _builder_version=&#8221;4.16&#8243; custom_padding_tablet=&#8221;50px|0|50px|0&#8243; custom_padding_phone=&#8221;&#8221; animation_style=&#8221;fade&#8221; padding_mobile=&#8221;off&#8221; global_colors_info=&#8221;{}&#8221;][et_pb_fullwidth_slider _builder_version=&#8221;4.27.0&#8243; _module_preset=&#8221;default&#8221; background_image=&#8221;https:\/\/westend.es\/wp-content\/uploads\/2025\/09\/IMG-20250908-WA0024.jpg&#8221; custom_padding=&#8221;21%||21%||false|&#8221; global_colors_info=&#8221;{}&#8221;][et_pb_slide _builder_version=&#8221;4.27.0&#8243; _module_preset=&#8221;default&#8221; global_colors_info=&#8221;{}&#8221; sticky_transition=&#8221;on&#8221;][\/et_pb_slide][\/et_pb_fullwidth_slider][\/et_pb_section][et_pb_section fb_built=&#8221;1&#8243; custom_padding_last_edited=&#8221;on|desktop&#8221; admin_label=&#8221;section&#8221; _builder_version=&#8221;4.16&#8243; custom_padding=&#8221;0px|1px|54px|0px&#8221; custom_padding_tablet=&#8221;50px|0|50px|0&#8243; custom_padding_phone=&#8221;&#8221; padding_mobile=&#8221;off&#8221; global_colors_info=&#8221;{}&#8221;][et_pb_row padding_mobile=&#8221;off&#8221; column_padding_mobile=&#8221;on&#8221; admin_label=&#8221;row&#8221; _builder_version=&#8221;4.16&#8243; background_size=&#8221;initial&#8221; background_position=&#8221;top_left&#8221; background_repeat=&#8221;repeat&#8221; custom_margin=&#8221;|auto||59px||&#8221; custom_padding=&#8221;78px|0px|27px|0px&#8221; global_colors_info=&#8221;{}&#8221;][et_pb_column type=&#8221;4_4&#8243; admin_label=&#8221;Column&#8221; _builder_version=&#8221;4.16&#8243; custom_padding=&#8221;|||&#8221; global_colors_info=&#8221;{}&#8221; custom_padding__hover=&#8221;|||&#8221;][et_pb_text admin_label=&#8221;Text&#8221; _builder_version=&#8221;4.16&#8243; background_size=&#8221;initial&#8221; background_position=&#8221;top_left&#8221; background_repeat=&#8221;repeat&#8221; global_colors_info=&#8221;{}&#8221;]<\/p>\n<h2 style=\"text-align: center;\"><span style=\"font-size: xx-large;\"><strong><span style=\"color: #041791;\">Nuestra historia<\/span><\/strong><\/span><\/h2>\n<h2 style=\"text-align: center;\"><span style=\"font-size: xx-large;\">Durante m\u00e1s de 23 a\u00f1os, West End Idiomas ha sido un referente en la ense\u00f1anza de ingl\u00e9s a ni\u00f1os y j\u00f3venes en Pamplona<\/span><\/h2>\n<p>[\/et_pb_text][et_pb_text admin_label=&#8221;Texto&#8221; _builder_version=&#8221;4.16&#8243; background_size=&#8221;initial&#8221; background_position=&#8221;top_left&#8221; background_repeat=&#8221;repeat&#8221; global_colors_info=&#8221;{}&#8221;]<\/p>\n<p><strong><span style=\"color: #041791;\"><\/span><\/strong><\/p>\n<p><strong><span style=\"color: #041791;\">2002 <\/span><\/strong><br \/>Los propietarios <strong>Ana Tainta y Tom Theobald<\/strong> abrieron <strong>la primera academia para ni\u00f1os en Pamplona<\/strong>, llamada &#8216;The Kids Club&#8217;, en el barrio de Mendebaldea. Desde el inicio, se esforzaron por<strong> combinar m\u00e9todos de ense\u00f1anza estructurados y divertidos, brindando un trato personalizado y detallado.<\/strong><\/p>\n<p><strong><span style=\"color: #041791;\">2007 <\/span><\/strong><br \/>En septiembre, el centro <strong>ampli\u00f3 sus instalaciones<\/strong> en un nuevo edificio con ocho aulas y pas\u00f3 a llamarse West End Idiomas.<\/p>\n<p><strong><span style=\"color: #041791;\">2008-2014<\/span><\/strong><br \/>La academia sigui\u00f3 creciendo y ampliando sus instalaciones con <strong>tres nuevos locales<\/strong> cercanos para satisfacer la creciente demanda. Finalmente, contaron con diecisiete aulas y diecisiete profesores nativos.<\/p>\n<p><strong><span style=\"color: #041791;\">2016<\/span><\/strong><br \/>Se inaugur\u00f3 un <strong>nuevo centro de West End en Mutilva<\/strong>, con instalaciones modernas y amplias, que albergaban ocho aulas.<\/p>\n<p><strong><span style=\"color: #041791;\">2020-2021<\/span><\/strong><br \/>West End se adapt\u00f3 de manera efectiva a las necesidades especiales causadas por la pandemia. Implementaron clases alternas entre presenciales y en l\u00ednea, garantizando la seguridad de sus instalaciones al tomar todas las medidas necesarias.<\/p>\n<p><strong><span style=\"color: #041791;\">2023-2024\u00a0<\/span><\/strong><\/p>\n<p>En este emocionante per\u00edodo, West End Idiomas abre un <strong>nuevo centro en Lezkairu<\/strong>. Con instalaciones modernas y adaptadas, estamos ilusionados de ofrecer una educaci\u00f3n de calidad a los estudiantes de Lezkairu y sus alrededores.\u00a0<\/p>\n<p><strong><span style=\"color: #041791;\"><\/span><\/strong><\/p>\n<p><strong>Despu\u00e9s de m\u00e1s de 23 a\u00f1os, West End Idiomas contin\u00faa siendo el principal centro especializado en la ense\u00f1anza de idiomas para ni\u00f1os y j\u00f3venes en Pamplona. Siempre nos esforzamos por innovar y mejorar, asegur\u00e1ndonos de brindar una educaci\u00f3n de calidad adaptada a las necesidades de nuestros estudiantes. Estamos orgullosos de nuestra historia y emocionados por el futuro.<\/strong><\/p>\n<p style=\"text-align: center;\"><strong> \u00a1Gracias por ser parte de nuestro viaje educativo en West End Idiomas!<\/strong><\/p>\n<p><strong><\/strong><\/p>\n<p>[\/et_pb_text][\/et_pb_column][\/et_pb_row][\/et_pb_section]<\/p>\n","protected":false},"excerpt":{"rendered":"<p>Nuestra historia Durante m\u00e1s de 23 a\u00f1os, West End Idiomas ha sido un referente en la ense\u00f1anza de ingl\u00e9s a ni\u00f1os y j\u00f3venes en Pamplona 2002 Los propietarios Ana Tainta y Tom Theobald abrieron la primera academia para ni\u00f1os en Pamplona, llamada &#8216;The Kids Club&#8217;, en el barrio de Mendebaldea. Desde el inicio, se esforzaron [&hellip;]<\/p>\n","protected":false},"author":1,"featured_media":0,"parent":2583,"menu_order":2,"comment_status":"closed","ping_status":"closed","template":"","meta":{"_et_pb_use_builder":"on","_et_pb_old_content":"<p>Abrimos en el a\u00f1o 2002 como 'The Kids Club'. Ya desde el comienzo tratamos de conjugar m\u00e9todos de ense\u00f1anza que sean estructurados y, al mismo tiempo, divertidos.<br \/> En septiembre de 2007 el centro ampli\u00f3 sus instalaciones y pas\u00f3 a denominarse West End Idiomas.<br \/> En la actualidad West End Idiomas sigue siendo el primer centro especializado en la ense\u00f1anza de idiomas para ni\u00f1os en Pamplona.<br \/> Cuenta con trece espaciosas aulas especialmente dise\u00f1adas y decoradas para los alumnos m\u00e1s peque\u00f1os, cuatro aulas m\u00e1s para j\u00f3venes y adultos, y una sala multimedia.<\/p>","_et_gb_content_width":"","footnotes":""},"class_list":["post-76","page","type-page","status-publish","hentry"],"_links":{"self":[{"href":"https:\/\/westend.es\/index.php\/wp-json\/wp\/v2\/pages\/76","targetHints":{"allow":["GET"]}}],"collection":[{"href":"https:\/\/westend.es\/index.php\/wp-json\/wp\/v2\/pages"}],"about":[{"href":"https:\/\/westend.es\/index.php\/wp-json\/wp\/v2\/types\/page"}],"author":[{"embeddable":true,"href":"https:\/\/westend.es\/index.php\/wp-json\/wp\/v2\/users\/1"}],"replies":[{"embeddable":true,"href":"https:\/\/westend.es\/index.php\/wp-json\/wp\/v2\/comments?post=76"}],"version-history":[{"count":59,"href":"https:\/\/westend.es\/index.php\/wp-json\/wp\/v2\/pages\/76\/revisions"}],"predecessor-version":[{"id":5419,"href":"https:\/\/westend.es\/index.php\/wp-json\/wp\/v2\/pages\/76\/revisions\/5419"}],"up":[{"embeddable":true,"href":"https:\/\/westend.es\/index.php\/wp-json\/wp\/v2\/pages\/2583"}],"wp:attachment":[{"href":"https:\/\/westend.es\/index.php\/wp-json\/wp\/v2\/media?parent=76"}],"curies":[{"name":"wp","href":"https:\/\/api.w.org\/{rel}","templated":true}]}}

<p>[et_pb_section fb_built=&#8221;1&#8243; fullwidth=&#8221;on&#8221; custom_padding_last_edited=&#8221;on|desktop&#8221; admin_label=&#8221;Sección&#8221; _builder_version=&#8221;4.16&#8243; custom_padding_tablet=&#8221;50px|0|50px|0&#8243; custom_padding_phone=&#8221;&#8221; animation_style=&#8221;fade&#8221; padding_mobile=&#8221;off&#8221; global_colors_info=&#8221;{}&#8221;][et_pb_fullwidth_slider _builder_version=&#8221;4.27.0&#8243; _module_preset=&#8221;default&#8221; background_image=&#8221;https://westend.es/wp-content/uploads/2025/09/IMG-20250908-WA0024.jpg&#8221; custom_padding=&#8221;21%||21%||false|&#8221; global_colors_info=&#8221;{}&#8221;][et_pb_slide _builder_version=&#8221;4.27.0&#8243; _module_preset=&#8221;default&#8221; global_colors_info=&#8221;{}&#8221; sticky_transition=&#8221;on&#8221;][/et_pb_slide][/et_pb_fullwidth_slider][/et_pb_section][et_pb_section fb_built=&#8221;1&#8243; custom_padding_last_edited=&#8221;on|desktop&#8221; admin_label=&#8221;section&#8221; _builder_version=&#8221;4.16&#8243; custom_padding=&#8221;0px|1px|54px|0px&#8221; custom_padding_tablet=&#8221;50px|0|50px|0&#8243; custom_padding_phone=&#8221;&#8221; padding_mobile=&#8221;off&#8221; global_colors_info=&#8221;{}&#8221;][et_pb_row padding_mobile=&#8221;off&#8221; column_padding_mobile=&#8221;on&#8221; admin_label=&#8221;row&#8221; _builder_version=&#8221;4.16&#8243; background_size=&#8221;initial&#8221; background_position=&#8221;top_left&#8221; background_repeat=&#8221;repeat&#8221; custom_margin=&#8221;|auto||59px||&#8221; custom_padding=&#8221;78px|0px|27px|0px&#8221; global_colors_info=&#8221;{}&#8221;][et_pb_column type=&#8221;4_4&#8243; admin_label=&#8221;Column&#8221; _builder_version=&#8221;4.16&#8243; custom_padding=&#8221;|||&#8221; global_colors_info=&#8221;{}&#8221; custom_padding__hover=&#8221;|||&#8221;][et_pb_text admin_label=&#8221;Text&#8221; _builder_version=&#8221;4.16&#8243; background_size=&#8221;initial&#8221; background_position=&#8221;top_left&#8221; background_repeat=&#8221;repeat&#8221; global_colors_info=&#8221;{}&#8221;]</p>
<h2 style="text-align: center;"><span style="font-size: xx-large;"><strong><span style="color: #041791;">Nuestra historia</span></strong></span></h2>
<h2 style="text-align: center;"><span style="font-size: xx-large;">Durante más de 23 años, West End Idiomas ha sido un referente en la enseñanza de inglés a niños y jóvenes en Pamplona</span></h2>
<p>[/et_pb_text][et_pb_text admin_label=&#8221;Texto&#8221; _builder_version=&#8221;4.16&#8243; background_size=&#8221;initial&#8221; background_position=&#8221;top_left&#8221; background_repeat=&#8221;repeat&#8221; global_colors_info=&#8221;{}&#8221;]</p>
<p><strong><span style="color: #041791;"></span></strong></p>
<p><strong><span style="color: #041791;">2002 </span></strong><br />Los propietarios <strong>Ana Tainta y Tom Theobald</strong> abrieron <strong>la primera academia para niños en Pamplona</strong>, llamada &#8216;The Kids Club&#8217;, en el barrio de Mendebaldea. Desde el inicio, se esforzaron por<strong> combinar métodos de enseñanza estructurados y divertidos, brindando un trato personalizado y detallado.</strong></p>
<p><strong><span style="color: #041791;">2007 </span></strong><br />En septiembre, el centro <strong>amplió sus instalaciones</strong> en un nuevo edificio con ocho aulas y pasó a llamarse West End Idiomas.</p>
<p><strong><span style="color: #041791;">2008-2014</span></strong><br />La academia siguió creciendo y ampliando sus instalaciones con <strong>tres nuevos locales</strong> cercanos para satisfacer la creciente demanda. Finalmente, contaron con diecisiete aulas y diecisiete profesores nativos.</p>
<p><strong><span style="color: #041791;">2016</span></strong><br />Se inauguró un <strong>nuevo centro de West End en Mutilva</strong>, con instalaciones modernas y amplias, que albergaban ocho aulas.</p>
<p><strong><span style="color: #041791;">2020-2021</span></strong><br />West End se adaptó de manera efectiva a las necesidades especiales causadas por la pandemia. Implementaron clases alternas entre presenciales y en línea, garantizando la seguridad de sus instalaciones al tomar todas las medidas necesarias.</p>
<p><strong><span style="color: #041791;">2023-2024 </span></strong></p>
<p>En este emocionante período, West End Idiomas abre un <strong>nuevo centro en Lezkairu</strong>. Con instalaciones modernas y adaptadas, estamos ilusionados de ofrecer una educación de calidad a los estudiantes de Lezkairu y sus alrededores. </p>
<p><strong><span style="color: #041791;"></span></strong></p>
<p><strong>Después de más de 23 años, West End Idiomas continúa siendo el principal centro especializado en la enseñanza de idiomas para niños y jóvenes en Pamplona. Siempre nos esforzamos por innovar y mejorar, asegurándonos de brindar una educación de calidad adaptada a las necesidades de nuestros estudiantes. Estamos orgullosos de nuestra historia y emocionados por el futuro.</strong></p>
<p style="text-align: center;"><strong> ¡Gracias por ser parte de nuestro viaje educativo en West End Idiomas!</strong></p>
<p><strong></strong></p>
<p>[/et_pb_text][/et_pb_column][/et_pb_row][/et_pb_section]</p>

<p>Nuestra historia Durante más de 23 años, West End Idiomas ha sido un referente en la enseñanza de inglés a niños y jóvenes en Pamplona 2002 Los propietarios Ana Tainta y Tom Theobald abrieron la primera academia para niños en Pamplona, llamada &#8216;The Kids Club&#8217;, en el barrio de Mendebaldea. Desde el inicio, se esforzaron [&hellip;]</p>

<p>Abrimos en el año 2002 como 'The Kids Club'. Ya desde el comienzo tratamos de conjugar métodos de enseñanza que sean estructurados y, al mismo tiempo, divertidos.<br /> En septiembre de 2007 el centro amplió sus instalaciones y pasó a denominarse West End Idiomas.<br /> En la actualidad West End Idiomas sigue siendo el primer centro especializado en la enseñanza de idiomas para niños en Pamplona.<br /> Cuenta con trece espaciosas aulas especialmente diseñadas y decoradas para los alumnos más pequeños, cuatro aulas más para jóvenes y adultos, y una sala multimedia.</p>
